ainder when (0 - (-34)/(-17))*(-9705)/2 is divided by 6?
3
Let b(u) = -834*u + 7600. Calculate the remainder when 17765 is divided by b(9).
93
Let z(v) = 3*v - 37. Let f be z(13). Suppose 0 = u + 5*k - 392 + 21, -u - f*k + 359 = 0. Suppose -g + u = 8*g. Calculate the remainder when 154 is divided by g.
37
Suppose -68171 + 166228 = 289*o - 147015. What is the remainder when o is divided by 96?
80
What is the remainder when 791 is divided by 27/(-108)*4*-1*33?
32
Let l(u) be the second derivative of u**3/2 + 13*u**2/2 + 14*u. Calculate the remainder when 54 is divided by l(7).
20
Let o be 2/(-9) - 460/(-45). Suppose 12*f + 4 = o*f. Calculate the remainder when 37 is divided by 3/f - 261/(-18).
11
Let m(b) = -113*b - 1327. Let i be (-1)/(2/(-62)*-1). Let g = -16 - i. Calculate the remainder when m(-12) is divided by g.
14
Calculate the remainder when 12/(-9)*2355390/(-60) is divided by 24.
22
Suppose -3*n = f - 55, 0 = -n + 6*f + 31. What is the remainder when 34 is divided by n?
15
Let b(u) = u**3 - 9*u**2 + 10*u + 14. Let w be 6/27 - (-183)/27. Let p be b(w). What is the remainder when 57 is divided by (-1)/(1/p*4/6)?
15
Suppose -5*k + 887864 = -29*k + 140*k. Calculate the remainder when k is divided by 22.
20
Let i = 3775 + -1717. Calculate the remainder when i is divided by 10.
8
Let y = 78 + 106. Let o(z) = -z**3 - 23*z**2 + 29*z + 125. Calculate the remainder when y is divided by o(-24).
4
Let d(t) = 14*t + 40. Suppose 0 = -5*o - g + 41, 4*o - 5*g - 8 = 19. Let u be d(o). Suppose -u + 16 = -4*q. What is the remainder when 201 is divided by q?
31
Calculate the remainder when 1765 is divided by (6 + -5)/((3/(-1) + 4)/23).
17
Let j(g) = -3*g**2 + g - 1. Let u(n) = -n**3 + 23*n**2 + 32*n + 32. Let l(r) = -2*j(r) - u(r). What is the remainder when l(19) is divided by 16?
14
Suppose 4050 = 4*q + 106*t - 108*t, -q + 5*t = -1026. Calculate the remainder when q is divided by 6.
3
Let v be (-3003)/(-105) - 6/10. Let t(s) = -2*s + 79. What is the remainder when 155 is divided by t(v)?
17
Suppose -5*c + m - 950 = -4*m, 0 = -2*c - 2*m - 388. Let f = 213 + c. Calculate the remainder when 165 is divided by f.
18
Let n(t) = -33*t - 68. Let u be n(0). Let q = 108 + u. What is the remainder when q is divided by (-23 - -1)*(-3)/6?
7
Let m(i) = -2*i**2 - 105*i + 134. Calculate the remainder when 485 is divided by m(-53).
80
Suppose 3*v + 3*f = 84 - 3, -114 = -4*v - 3*f. Calculate the remainder when ((-2)/(-3))/(2/882) is divided by v.
30
Suppose -v - 12 = 5*f, -1 = 3*v + 5*f + 5. Let a = -1473 - -1481. What is the remainder when a is divided by v?
2
Let b = 28 + -4. Let i = 3 + b. Suppose -w + 4*a + 19 = 18, 2*w - 9 = a. Calculate the remainder when i is divided by w.
2
Let f(z) = 769*z - 399*z - 387*z. What is the remainder when 49 is divided by f(-1)?
15
Suppose 9*w - 26*w = -935. Let l be (-12)/9*(-21)/(-14). What is the remainder when w is divided by -12*1/(l/5)?
25
Suppose -261*z + 12803 = -1030. Let w(n) = 18*n**2 - 1. What is the remainder when z is divided by w(1)?
2
Let c be 61/3 + 15/(-45). Suppose 0 = -342*t + 338*t + c. What is the remainder when 38 is divided by t?
3
Suppose 2*g - 26 = 3*b - 128, 4*b - 122 = -2*g. Let p = 72 + -10. What is the remainder when p is divided by b?
30
Let b(i) = -i**3 + 7*i**2 + i + 7. Let f(a) = a**2 - 12*a + 35. Let m be f(9). Suppose -v + m - 1 = 0. What is the remainder when 27 is divided by b(v)?
13
Suppose -u + 5*u = 460. Suppose -299 - 121 = -28*d. What is the remainder when u is divided by d?
10
Let v = -83 - -88. Suppose -c = -5*i + c + 122, 0 = 5*c + v. What is the remainder when i is divided by 8?
0
Let w(c) = -2*c + 31. Calculate the remainder when 22126/259 - (-4)/7 is divided by w(4).
17
Suppose 87*f + 22201 = 101*f - 17027. Calculate the remainder when f is divided by 78.
72
Suppose 246*m + 86*m = 9585 + 707. Calculate the remainder when 246 is divided by m.
29
Suppose 5056 + 2234 = 90*s. What is the remainder when 1375 is divided by s?
79
Let a(b) = -18*b - 138. Let z be a(-8). Let u(j) = -j**3 + 9*j**2 + 2*j - 17. Let p = -34 - -49. What is the remainder when u(z) is divided by p?
13
Let r(h) = 4*h**2 + 453*h + 738. Calculate the remainder when r(-114) is divided by 109.
99
What is the remainder when 258/(-688) - (392847/24)/(-7) is divided by 60?
58
Suppose 0 = -97*d - 1195 + 3182 + 1311. Suppose 0 = 3*y + 4*s - 393, 2*y - 286 + 10 = 2*s. Calculate the remainder when y is divided by d.
33
Let m(d) = -d**3 + 20*d + 45. Calculate the remainder when 456 is divided by m(5).
16
Let q(t) = 5*t**2 + 12*t + 21. Let h(v) = 2*v**2 + 2*v + 1. Let r(k) = -2*h(k) + q(k). Calculate the remainder when r(-11) is divided by 20.
12
Suppose 43 = -13*x + 303. Suppose 0 = 2*a - 6*a - x. Calculate the remainder when 124 is divided by a/2*(-6 + 28/(-7)).
24
Suppose -143*o - 62 = -145*o. Calculate the remainder when o is divided by 1032/(-688) + 1*30/4.
1
Suppose 0 = -i - 4 + 7, h - 2*i - 85 = 0. Suppose 0 = 5*s + 31 - h. Suppose -19 = -c + 16. What is the remainder when c is divided by s?
11
Let k = 1132 + -960. Calculate the remainder when 212 is divided by k.
40
Suppose k = 19 - 23. Let p = k + 15. What is the remainder when (-848)/(-14) + (-9)/(-21) is divided by p?
6
Suppose 8*q = 312 + 2112. Suppose -v + c = -74, 7*v - 3*v = -3*c + q. What is the remainder when v is divided by 43?
32
Suppose -3*f = -5*d + 329, -5*f = -113*d + 108*d + 335. Calculate the remainder when 390 is divided by d.
6
Suppose -4*a + 3*a - 2*i = -6, 0 = 5*a + 4*i - 30. Suppose 1 = -u + a. What is the remainder when u is divided by 2?
1
Calculate the remainder when 3115 is divided by (-1)/(-2) + (-2550)/(-100).
21
Let p(x) = -x**3 - 7*x**2 + x. Let d be p(-8). Suppose -66 = -2*u + d. What is the remainder when 243 is divided by u?
60
Suppose -79*g = -225*g + 5256. Calculate the remainder when 261 is divided by g.
9
Let w = -4811 + 9229. Calculate the remainder when w is divided by 13.
11
Let d(m) = -19*m + 1831. What is the remainder when d(90) is divided by 15?
1
Let u = -1048 - -1077. Let s(g) be the second derivative of -g**4/12 - 7*g**3/6 + g**2/2 - g. What is the remainder when u is divided by s(-5)?
7
Let k be (-24)/(4 + 0)*(-10)/(-4). What is the remainder when ((-52)/(-5))/((-1115)/75 - k) is divided by 58?
20
Suppose -5*z + 0*z + 4*s = -2362, 6*s + 18 = 0. Calculate the remainder when z is divided by 51.
11
Suppose 2040*j - 2041*j + 2*m = -275, 0 = 4*j - 3*m - 1055. Calculate the remainder when 3335 is divided by j.
251
Let r(b) = 12 + 0 + 18*b + 25 + 8. Let p be r(7). Calculate the remainder when (-1 - 316/(-6)) + (-114)/p is divided by 13.
12
Let v(q) be the third derivative of -q**5/60 - 3*q**4/4 - 4*q**3 - 11*q**2. Let l be v(-16). What is the remainder when 17 is divided by l/(-10) - (-196)/20?
8
Let x = 10174 + -10139. Let y = 41 - 26. Calculate the remainder when x is divided by y.
5
Suppose -5*q - 194 = -3*t, 0 = 5*t - 76*q + 77*q - 286. What is the remainder when 167 is divided by t?
51
Let y(n) = -3*n - 1. Let j(s) = -5*s + 49. Let r(z) = -4*j(z) + 4*y(z). Calculate the remainder when 41 is divided by r(26).
1
Let j(o) = -7*o**2 + 12 + 8*o**2 + 12*o**2 - 12*o**2 - 17*o. What is the remainder when 117 is divided by j(17)?
9
Let z(f) = 176*f**2 + 400*f - 805. What is the remainder when z(2) is divided by 8?
3
Let j(q) = 6*q**3 - 3*q**2 + 11*q - 38. What is the remainder when j(4) is divided by 86?
84
Suppose -c + 20 - 110 = 0. Let a = c + -31. Let f = a + 202. What is the remainder when f is divided by 42?
39
Let o = -6244 + 6337. What is the remainder when 492 is divided by o?
27
Suppose -s + 114 = -2*o, 443 = 4*s + 2*o + 3*o. Let a = -47 + s. Calculate the remainder when a is divided by 1/((10/35)/(44/7)).
21
Let o(t) = 3*t**2 - 8. Let z be o(0). Let l = -2 - z. What is the remainder when 6 is divided by l?
0
Suppose 5*s = z + 427, 81*s - 76*s - 418 = 4*z. Calculate the remainder when 252 is divided by s.
80
Let d(m) = m**2 + 33*m + 290. Let x = -113 + 122. What is the remainder when d(-15) is divided by x?
2
Suppose 203*c = 28*c + 654675. What is the remainder when 11233 is divided by c?
10
Let p(m) = 5*m - 37. Let n be 76/18 + -4 + 68/18. Suppose n*s - 15 = 53. What is the remainder when p(s) is divided by 13?
9
Let b = -11